, what is 5 + -1614553?
-1614545
In base 15, what is -54ca + 3?
-54c7
In base 14, what is -1 + 3958?
3957
In base 9, what is -2 + 72680?
72677
In base 15, what is 3 + -4c73c?
-4c739
In base 6, what is -112401145 - 5?
-112401154
In base 8, what is -5547 + 3760?
-1567
In base 2, what is 10000101111 - -101010101?
10110000100
In base 6, what is 11513 + -20?
11453
In base 5, what is -24143 + -3042?
-32240
In base 7, what is 16155264 - 2?
16155262
In base 7, what is 515555 - 2?
515553
In base 9, what is 4 + -1237782?
-1237777
In base 10, what is 11478 - 3?
11475
In base 14, what is ab308 - -5?
ab30d
In base 10, what is -1 + -3596?
-3597
In base 16, what is -8 - 62e30?
-62e38
In base 3, what is 21121 + -1200?
12221
In base 13, what is -7101 + 2?
-70cc
In base 11, what is -6 + -5179?
-5184
In base 6, what is -22440 - 305?
-23145
In base 2, what is 11010110 + -1011110?
1111000
In base 6, what is 13 + 3225?
3242
In base 5, what is 11320432 - -10?
11320442
In base 4, what is -11 - 11122031?
-11122102
In base 11, what is -aa + 211?
112
In base 8, what is 3 + 1042212?
1042215
In base 9, what is -2783 + 47?
-2735
In base 15, what is -1333 - 14?
-1347
In base 12, what is 1628 - -36?
1662
In base 16, what is 5 + -7f2de?
-7f2d9
In base 4, what is 200032 + -231?
133201
In base 11, what is -38 + -239?
-276
In base 4, what is -2032302 - -10?
-2032232
In base 14, what is -1 + -94910?
-94911
In base 11, what is -12a - 1639?
-1768
In base 7, what is -34 + 346234?
346200
In base 8, what is 3 - -10672?
10675
In base 4, what is -10201 + 233221?
223020
In base 13, what is 3152c - -4?
31533
In base 7, what is -1422223 + 2?
-1422221
In base 8, what is 4161 + -375?
3564
In base 4, what is 2021 + 1203022?
1211103
In base 13, what is 3 - -375310?
375313
In base 15, what is -5 + 15e07b?
15e076
In base 9, what is 2048135 + 4?
2048140
In base 7, what is -4 + -24306?
-24313
In base 14, what is a - 2433?
-2427
In base 10, what is -5170 - 38?
-5208
In base 10, what is -534 - -86?
-448
In base 11, what is -59627 - -5?
-59622
In base 15, what is e3 - -130?
223
In base 6, what is 1203202 - 4?
1203154
In base 13, what is 0 + -70c66?
-70c66
In base 8, what is 1 - 11171?
-11170
In base 2, what is 101 + 11001010100111000110?
11001010100111001011
In base 3, what is -11 - 20010212211?
-20010212222
In base 6, what is -303 - 2433?
-3140
In base 5, what is -13 + -1003424?
-1003442
In base 4, what is 3033 + -3333231?
-3330132
In base 13, what is 512 + -73c?
-22a
In base 8, what is -320 + -4603?
-5123
In base 3, what is 11 + -1111001212222?
-1111001212211
In base 11, what is 743 - -16?
759
In base 14, what is 4 - -10c0a?
10c10
In base 9, what is 182 + 1207?
1400
In base 10, what is -90226 - 48?
-90274
In base 14, what is -96c3 + 89?
-9638
In base 10, what is -42995 + 0?
-42995
In base 5, what is 3 - 1102333?
-1102330
In base 16, what is 2 + 6ae13?
6ae15
In base 2, what is 111 - 1001100001110011?
-1001100001101100
In base 9, what is -7 - 32517?
-32525
In base 12, what is -3 - -85bb7?
85bb4
In base 13, what is 25 - -30?
55
In base 3, what is -11201 - 2020?
-20221
In base 13, what is 9a5c + 2?
9a61
In base 3, what is -1121011 + 1101?
-1112210
In base 11, what is 14887 + -87?
14800
In base 8, what is 3515 + -43?
3452
In base 12, what is -4 - -5471?
5469
In base 15, what is 0 + 223c4?
223c4
In base 4, what is -1311 - -103111?
101200
In base 12, what is -2 + -29033?
-29035
In base 10, what is -3064 + -126?
-3190
In base 9, what is -4 + 126620?
126615
In base 16, what is -3 + 1014?
1011
In base 7, what is -4 - -62514?
62510
In base 11, what is -6 - 2821?
-2827
In base 9, what is -1475 - 678?
-2264
In base 11, what is -3 - 169a1?
-169a4
In base 15, what is -1 - b05a?
-b05b
In base 2, what is 10100011101100101 - 11?
10100011101100010
In base 7, what is 33 + 423040?
423103
In base 2, what is -10100010110111000 - 10?
-10100010110111010
In base 16, what is 1bd3 + 69?
1c3c
In base 6, what is 151 + -5035?
-4444
In base 3, what is -210012 + -2?
-210021
In base 14, what is 82 + -42?
40
In base 3, what is 2 - -1122210?
1122212
In base 3, what is 101 - 1012022020?
-1012021212
In base 15, what is 4407 + -3?
4404
In base 13, what is -5 + 6c43b?
6c436
In base 2, what is 101000000 + 10010011?
111010011
In base 12, what is -12 + -1324?
-1336
In base 10, what is -81 - 1376?
-1457
In base 10, what is -4 - -140835?
140831
In base 13, what is -c - -36233?
36224
In base 9, what is -10835 + 6?
-10828
In base 14, what is 15c - -4?
162
In base 11, what is 0 + -393?
-393
In base 16, what is 4e - 2411?
-23c3
In base 5, what is -3324011 - 103?
-3324114
In base 12, what is 69 - -62b?
698
In base 9, what is 5 + 488?
504
In base 11, what is 464541 - 1?
464540
In base 12, what is -11a07 + 114?
-118b3
In base 6, what is 4153 - 2?
4151
In base 6, what is -3 + -45250?
-45253
In base 5, what is -123022 - 1?
-123023
In base 8, what is -226067 - 6?
-226075
In base 16, what is -5 + 6c35?
6c30
In base 7, what is 41 + -20031?
-16660
In base 5, what is 1223 + 11333?
13111
In base 7, what is 15102 + -215?
14554
In base 4, what is -30033 - -3320?
-20113
In base 3, what is 222221121 - 102?
222221012
In base 5, what is 1 - -1404224?
1404230
In base 12, what is b9 + 536?
633
In base 16, what is -11b1 + -1?
-11b2
In base 7, what is -1121305 + -3?
-1121311
In base 13, what is -14c - 286?
-405
In base 3, what is -10 + 11212012210?
11212012200
In base 15, what is c6 + 1c6?
29c
In base 2, what is -1100010101001 + 11?
-1100010100110
In base 4, what is -21212 + 10222?
-10330
In base 8, what is 1 + -415365?
-415364
In base 10, what is -13467 + -1?
-13468
In base 9, what is 401 - -15?
416
In base 9, what is -4 - -4875?
4871
In base 8, what is 32317 + 4?
32323
In base 2, what is -1001011 + 10001001001100?
10001000000001
In base 14, what is c61 - -17?
c78
In base 14, what is -505 + -125?
-62a
In base 7, what is 33426 + -161?
33235
In base 3, what is -1110220 + -201?
-1111121
In base 10, what is 1 - 173669?
-173668
In base 16, what is b4 + -f5?
-41
In base 13, what is -11 + 4c20a?
4c1c9
In base 5, what is 21 - -230334?
230410
In base 4, what is -1112112 + -2323?
-1121101
In base 5, what is 121141323 + -2?
121141321
In base 10, what is -86795 - -9?
-86786
In base 3, what is 212120 - -10201?
1000021
In base 15, what is -3bc9e2 - -4?
-3bc9dd
In base 10, what is -3795 + -881?
-4676
In base 6, what is 332 + 1552?
2324
In base 6, what is -40303 - 5?
-40312
In base 16, what is -64 + 124?
c0
In base 12, what is -16 + -1ab1?
-1b07
In base 15, what is ad + 1257?
1315
In base 8, what is 1337255 + 3?
1337260
In base 2, what is -111100000 + -11100011?
-1011000011
In base 5, what is 12410114 - -2?
12410121
In base 2, what is 111111000011 - -100?
111111000111
In base 4, what is 30 + -1221?
-1131
In base 12, what is -b1a + a?
-b10
In base 12, what is -23aa - -27?
-2383
In base 10, what is -38 - 71548?
-71586
In base 15, what is 7e + -c888?
-c809
In base 3, what is 120000012121 + 11?
120000012202
In base 6, what is 443323 - -455?
444222
In base 2, what is 10010111001111 - -100000011?
10011011010010
In base 14, what is 662636 + 4?
66263a
In base 6, what is -2 - -151544?
151542
In base 15, what is -1 - -69b?
69a
In base 2, what is 100000110111011010011 - 0?
100000110111011010011
In base 3, what is -2002 + 1211122?
1202120
In base 15, what is c58e6 + 4?
c58ea
In base 6, what is -105 - 201111?
-201220
In base 11, what is 14 + -9077?
-9063
In base 8, what is 202365 + 100?
202465
In base 12, what is 4 + -1117a?
-11176
In base 10, what is 254 - -14428?
14682
In base 6, what is -142234150 - 3?
-142234153
In base 2, what is -111011101000100001011 - -11?
-111011101000100001000
In base 3, what is 112212 - 20221?
21221
In base 7, what is -2 - 133042?
-133044
In base 5, what is 143004112 - -1?
143004113
In base 11, what is 1 + 315253?
315254
In base 4, what is 10100132 - 132?
10100000
In base 9, what is -71745 + -5?
-71751
In base 13, what is 91a6 - -10?
91b6
In base 11, what is 3 - 175a65?
-175a62
In base 16, what is 9 + 34a7?
34b0
In base 3, what is -1100222 + 2121?
-1021101
In base 6, what is -43 + 234?
151
In base 16, what is -8637 - 41?
-8678
In base 14, what is -199357 + -4?
-19935b
In base 3, what is 121 + -122221?
-122100
In base 15, what is -1b4e + 9?
-1b45
In base 11, what